{"id":153,"date":"2021-05-18T01:54:59","date_gmt":"2021-05-18T01:54:59","guid":{"rendered":"https:\/\/sitetemp.inforabreu.pt\/esfmp\/index.php\/academics\/"},"modified":"2026-02-19T15:05:57","modified_gmt":"2026-02-19T15:05:57","slug":"escola","status":"publish","type":"page","link":"https:\/\/esfmp.pt\/index.php\/escola\/","title":{"rendered":"Escola"},"content":{"rendered":"\t\t<div data-elementor-type=\"wp-page\" data-elementor-id=\"153\" class=\"elementor elementor-153\">\n\t\t\t\t\t\t<section class=\"elementor-section elementor-top-section elementor-element elementor-element-86696d0 elementor-section-height-min-height elementor-section-items-bottom elementor-section-content-middle elementor-section-boxed elementor-section-height-default\" data-id=\"86696d0\" data-element_type=\"section\" data-e-type=\"section\" data-settings=\"{&quot;background_background&quot;:&quot;classic&quot;}\">\n\t\t\t\t\t\t<div class=\"elementor-container elementor-column-gap-default\">\n\t\t\t\t\t<div class=\"elementor-column elementor-col-100 elementor-top-column elementor-element elementor-element-3f6476d\" data-id=\"3f6476d\" data-element_type=\"column\" data-e-type=\"column\">\n\t\t\t<div class=\"elementor-widget-wrap\">\n\t\t\t\t\t\t\t<\/div>\n\t\t<\/div>\n\t\t\t\t\t<\/div>\n\t\t<\/section>\n\t\t\t\t<section class=\"elementor-section elementor-top-section elementor-element elementor-element-47fac0e elementor-section-boxed elementor-section-height-default elementor-section-height-default\" data-id=\"47fac0e\" data-element_type=\"section\" data-e-type=\"section\">\n\t\t\t\t\t\t<div class=\"elementor-container elementor-column-gap-default\">\n\t\t\t\t\t<div class=\"elementor-column elementor-col-50 elementor-top-column elementor-element elementor-element-d354c86\" data-id=\"d354c86\" data-element_type=\"column\" data-e-type=\"column\">\n\t\t\t<div class=\"elementor-widget-wrap elementor-element-populated\">\n\t\t\t\t\t\t<div class=\"elementor-element elementor-element-e013d8e elementor-widget elementor-widget-image\" data-id=\"e013d8e\" data-element_type=\"widget\" data-e-type=\"widget\" data-widget_type=\"image.default\">\n\t\t\t\t<div class=\"elementor-widget-container\">\n\t\t\t\t\t\t\t\t\t\t\t\t\t\t\t<img fetchpriority=\"high\" decoding=\"async\" width=\"389\" height=\"253\" src=\"https:\/\/esfmp.pt\/wp-content\/uploads\/2024\/07\/aguarela_escola.jpg\" class=\"attachment-full size-full wp-image-1822\" alt=\"\" srcset=\"https:\/\/esfmp.pt\/wp-content\/uploads\/2024\/07\/aguarela_escola.jpg 389w, https:\/\/esfmp.pt\/wp-content\/uploads\/2024\/07\/aguarela_escola-300x195.jpg 300w\" sizes=\"(max-width: 389px) 100vw, 389px\" \/>\t\t\t\t\t\t\t\t\t\t\t\t\t\t\t<\/div>\n\t\t\t\t<\/div>\n\t\t\t\t\t<\/div>\n\t\t<\/div>\n\t\t\t\t<div class=\"elementor-column elementor-col-50 elementor-top-column elementor-element elementor-element-da4afbd\" data-id=\"da4afbd\" data-element_type=\"column\" data-e-type=\"column\">\n\t\t\t<div class=\"elementor-widget-wrap elementor-element-populated\">\n\t\t\t\t\t\t<div class=\"elementor-element elementor-element-db6781c elementor-widget elementor-widget-text-editor\" data-id=\"db6781c\" data-element_type=\"widget\" data-e-type=\"widget\" data-widget_type=\"text-editor.default\">\n\t\t\t\t<div class=\"elementor-widget-container\">\n\t\t\t\t\t\t\t\t\t<p style=\"text-align: justify;\">A Escola Secund\u00e1ria Fern\u00e3o Mendes Pinto representa uma continua\u00e7\u00e3o da Sec\u00e7\u00e3o de Almada do Liceu D. Jo\u00e3o de Castro, criada em 1965, a qual viria a dar origem ao Liceu Nacional de Almada, aut\u00f3nomo partir do ano letivo de 1972\/73. As instala\u00e7\u00f5es situavam-se no centro da cidade, na Pra\u00e7a S. Jo\u00e3o Baptista, num espa\u00e7o bastante amplo, atualmente ocupado pelo Complexo do F\u00f3rum Municipal Romeu Correia. Ao longo de muitos anos, por ser Liceu, constituiu a \u00fanica escola do concelho a disponibilizar o curso complementar que dava acesso direto \u00e0s Universidades.<\/p><p style=\"text-align: justify;\">Ainda com a designa\u00e7\u00e3o de Liceu Nacional de Almada a escola abandonou os pavilh\u00f5es provis\u00f3rios em que estivera durante dez anos, mudando-se em Outubro de 1975, para a constru\u00e7\u00e3o que atualmente ocupa.<\/p><p style=\"text-align: justify;\">No ano letivo de 1978\/79 este estabelecimento de ensino passou a designar-se por Escola Secund\u00e1ria de Almada, nome que passou ao atual, Escola Secund\u00e1ria Fern\u00e3o Mendes Pinto, em 1987\/88.<\/p>\t\t\t\t\t\t\t\t<\/div>\n\t\t\t\t<\/div>\n\t\t\t\t\t<\/div>\n\t\t<\/div>\n\t\t\t\t\t<\/div>\n\t\t<\/section>\n\t\t\t\t<\/div>\n\t\t","protected":false},"excerpt":{"rendered":"<p>A Escola Secund\u00e1ria Fern\u00e3o Mendes Pinto representa uma continua\u00e7\u00e3o da Sec\u00e7\u00e3o de Almada do Liceu D. Jo\u00e3o de Castro, criada em 1965, a qual viria a dar origem ao Liceu Nacional de Almada, aut\u00f3nomo partir do ano letivo de 1972\/73. As instala\u00e7\u00f5es situavam-se no centro da cidade, na Pra\u00e7a S. Jo\u00e3o Baptista, num espa\u00e7o bastante [&hellip;]<\/p>\n","protected":false},"author":1,"featured_media":0,"parent":0,"menu_order":0,"comment_status":"closed","ping_status":"closed","template":"","meta":{"_seopress_robots_primary_cat":"","_seopress_titles_title":"","_seopress_titles_desc":"","_seopress_robots_index":"","site-sidebar-layout":"no-sidebar","site-content-layout":"page-builder","ast-site-content-layout":"full-width-container","site-content-style":"unboxed","site-sidebar-style":"unboxed","ast-global-header-display":"","ast-banner-title-visibility":"","ast-main-header-display":"","ast-hfb-above-header-display":"","ast-hfb-below-header-display":"","ast-hfb-mobile-header-display":"","site-post-title":"","ast-breadcrumbs-content":"disabled","ast-featured-img":"disabled","footer-sml-layout":"","ast-disable-related-posts":"","theme-transparent-header-meta":"default","adv-header-id-meta":"","stick-header-meta":"","header-above-stick-meta":"","header-main-stick-meta":"","header-below-stick-meta":"","astra-migrate-meta-layouts":"set","ast-page-background-enabled":"default","ast-page-background-meta":{"desktop":{"background-color":"","background-image":"","background-repeat":"repeat","background-position":"center center","background-size":"auto","background-attachment":"scroll","background-type":"","background-media":"","overlay-type":"","overlay-color":"","overlay-opacity":"","overlay-gradient":""},"tablet":{"background-color":"","background-image":"","background-repeat":"repeat","background-position":"center center","background-size":"auto","background-attachment":"scroll","background-type":"","background-media":"","overlay-type":"","overlay-color":"","overlay-opacity":"","overlay-gradient":""},"mobile":{"background-color":"","background-image":"","background-repeat":"repeat","background-position":"center center","background-size":"auto","background-attachment":"scroll","background-type":"","background-media":"","overlay-type":"","overlay-color":"","overlay-opacity":"","overlay-gradient":""}},"ast-content-background-meta":{"desktop":{"background-color":"var(--ast-global-color-5)","background-image":"","background-repeat":"repeat","background-position":"center center","background-size":"auto","background-attachment":"scroll","background-type":"","background-media":"","overlay-type":"","overlay-color":"","overlay-opacity":"","overlay-gradient":""},"tablet":{"background-color":"var(--ast-global-color-5)","background-image":"","background-repeat":"repeat","background-position":"center center","background-size":"auto","background-attachment":"scroll","background-type":"","background-media":"","overlay-type":"","overlay-color":"","overlay-opacity":"","overlay-gradient":""},"mobile":{"background-color":"var(--ast-global-color-5)","background-image":"","background-repeat":"repeat","background-position":"center center","background-size":"auto","background-attachment":"scroll","background-type":"","background-media":"","overlay-type":"","overlay-color":"","overlay-opacity":"","overlay-gradient":""}},"footnotes":""},"class_list":["post-153","page","type-page","status-publish","hentry"],"_links":{"self":[{"href":"https:\/\/esfmp.pt\/index.php\/wp-json\/wp\/v2\/pages\/153","targetHints":{"allow":["GET"]}}],"collection":[{"href":"https:\/\/esfmp.pt\/index.php\/wp-json\/wp\/v2\/pages"}],"about":[{"href":"https:\/\/esfmp.pt\/index.php\/wp-json\/wp\/v2\/types\/page"}],"author":[{"embeddable":true,"href":"https:\/\/esfmp.pt\/index.php\/wp-json\/wp\/v2\/users\/1"}],"replies":[{"embeddable":true,"href":"https:\/\/esfmp.pt\/index.php\/wp-json\/wp\/v2\/comments?post=153"}],"version-history":[{"count":29,"href":"https:\/\/esfmp.pt\/index.php\/wp-json\/wp\/v2\/pages\/153\/revisions"}],"predecessor-version":[{"id":6431,"href":"https:\/\/esfmp.pt\/index.php\/wp-json\/wp\/v2\/pages\/153\/revisions\/6431"}],"wp:attachment":[{"href":"https:\/\/esfmp.pt\/index.php\/wp-json\/wp\/v2\/media?parent=153"}],"curies":[{"name":"wp","href":"https:\/\/api.w.org\/{rel}","templated":true}]}}

<div data-elementor-type="wp-page" data-elementor-id="153" class="elementor elementor-153">
						<section class="elementor-section elementor-top-section elementor-element elementor-element-86696d0 elementor-section-height-min-height elementor-section-items-bottom elementor-section-content-middle elementor-section-boxed elementor-section-height-default" data-id="86696d0" data-element_type="section" data-e-type="section" data-settings="{&quot;background_background&quot;:&quot;classic&quot;}">
						<div class="elementor-container elementor-column-gap-default">
					<div class="elementor-column elementor-col-100 elementor-top-column elementor-element elementor-element-3f6476d" data-id="3f6476d" data-element_type="column" data-e-type="column">
			<div class="elementor-widget-wrap">
							</div>
		</div>
					</div>
		</section>
				<section class="elementor-section elementor-top-section elementor-element elementor-element-47fac0e elementor-section-boxed elementor-section-height-default elementor-section-height-default" data-id="47fac0e" data-element_type="section" data-e-type="section">
						<div class="elementor-container elementor-column-gap-default">
					<div class="elementor-column elementor-col-50 elementor-top-column elementor-element elementor-element-d354c86" data-id="d354c86" data-element_type="column" data-e-type="column">
			<div class="elementor-widget-wrap elementor-element-populated">
						<div class="elementor-element elementor-element-e013d8e elementor-widget elementor-widget-image" data-id="e013d8e" data-element_type="widget" data-e-type="widget" data-widget_type="image.default">
				<div class="elementor-widget-container">
															<img fetchpriority="high" decoding="async" width="389" height="253" src="https://esfmp.pt/wp-content/uploads/2024/07/aguarela_escola.jpg" class="attachment-full size-full wp-image-1822" alt="" srcset="https://esfmp.pt/wp-content/uploads/2024/07/aguarela_escola.jpg 389w, https://esfmp.pt/wp-content/uploads/2024/07/aguarela_escola-300x195.jpg 300w" sizes="(max-width: 389px) 100vw, 389px" />															</div>
				</div>
					</div>
		</div>
				<div class="elementor-column elementor-col-50 elementor-top-column elementor-element elementor-element-da4afbd" data-id="da4afbd" data-element_type="column" data-e-type="column">
			<div class="elementor-widget-wrap elementor-element-populated">
						<div class="elementor-element elementor-element-db6781c elementor-widget elementor-widget-text-editor" data-id="db6781c" data-element_type="widget" data-e-type="widget" data-widget_type="text-editor.default">
				<div class="elementor-widget-container">
									<p style="text-align: justify;">A Escola Secundária Fernão Mendes Pinto representa uma continuação da Secção de Almada do Liceu D. João de Castro, criada em 1965, a qual viria a dar origem ao Liceu Nacional de Almada, autónomo partir do ano letivo de 1972/73. As instalações situavam-se no centro da cidade, na Praça S. João Baptista, num espaço bastante amplo, atualmente ocupado pelo Complexo do Fórum Municipal Romeu Correia. Ao longo de muitos anos, por ser Liceu, constituiu a única escola do concelho a disponibilizar o curso complementar que dava acesso direto às Universidades.</p><p style="text-align: justify;">Ainda com a designação de Liceu Nacional de Almada a escola abandonou os pavilhões provisórios em que estivera durante dez anos, mudando-se em Outubro de 1975, para a construção que atualmente ocupa.</p><p style="text-align: justify;">No ano letivo de 1978/79 este estabelecimento de ensino passou a designar-se por Escola Secundária de Almada, nome que passou ao atual, Escola Secundária Fernão Mendes Pinto, em 1987/88.</p>								</div>
				</div>
					</div>
		</div>
					</div>
		</section>
				</div>

<p>A Escola Secundária Fernão Mendes Pinto representa uma continuação da Secção de Almada do Liceu D. João de Castro, criada em 1965, a qual viria a dar origem ao Liceu Nacional de Almada, autónomo partir do ano letivo de 1972/73. As instalações situavam-se no centro da cidade, na Praça S. João Baptista, num espaço bastante [&hellip;]</p>
